{"id":573,"date":"2019-07-22T07:06:07","date_gmt":"2019-07-22T07:06:07","guid":{"rendered":"http:\/\/dossoverdepavia.it\/?page_id=573"},"modified":"2026-03-09T10:57:24","modified_gmt":"2026-03-09T10:57:24","slug":"carta-dei-servizi","status":"publish","type":"page","link":"https:\/\/dossoverdepavia.it\/?page_id=573","title":{"rendered":"Carta dei servizi"},"content":{"rendered":"<h1><a href=\"wp-content\/uploads\/CARTA-DEI-SERVIZI-rev-ottobre-2024_-MI_PV-agg-Milano-e-PV.pdf\">Carta dei Servizi<span class=\"uk-text-success\">.<\/span><\/a><\/h1>\n<p>\n    <a href=\"wp-content\/uploads\/CARTA-DEI-SERVIZI-PV-rev-novembre-2025.pdf\">Scarica il pdf<\/a>\n<\/p>\n<p><!-- {\"type\":\"layout\",\"children\":[{\"type\":\"section\",\"props\":{\"style\":\"default\",\"width\":\"default\",\"vertical_align\":\"middle\",\"title_position\":\"top-left\",\"title_rotation\":\"left\",\"title_breakpoint\":\"xl\",\"image_position\":\"center-center\",\"text_color\":\"\",\"width_expand\":\"\",\"height\":\"\",\"padding\":\"\",\"header_transparent\":\"\",\"animation\":\"\",\"image\":\"wp-content\\\/uploads\\\/figure_solo_trasparente.png\",\"image_size\":\"contain\",\"image_effect\":\"parallax\",\"image_parallax_breakpoint\":\"\",\"image_visibility\":\"\",\"video_width\":\"\",\"video_height\":\"\",\"media_blend_mode\":\"\",\"image_parallax_bgy_start\":\"-0\",\"image_parallax_bgx_start\":\"130\",\"image_parallax_bgx_end\":\"-120\"},\"children\":[{\"type\":\"row\",\"props\":{\"layout\":\",\",\"breakpoint\":\"m\",\"fixed_width\":\"large\",\"gutter\":\"\",\"width\":\"\",\"width_expand\":\"\",\"height\":\"\",\"margin\":\"\"},\"children\":[{\"type\":\"column\",\"props\":{\"widths\":[\"\"],\"image_position\":\"center-center\",\"media_overlay_gradient\":\"\",\"vertical_align\":\"\",\"style\":\"\",\"text_color\":\"\",\"padding\":\"\"},\"children\":[{\"type\":\"headline\",\"props\":{\"title_element\":\"h1\",\"title_style\":\"\",\"title_decoration\":\"\",\"title_color\":\"\",\"text_align\":\"\",\"text_align_breakpoint\":\"\",\"text_align_fallback\":\"\",\"maxwidth\":\"\",\"maxwidth_align\":\"\",\"maxwidth_breakpoint\":\"\",\"margin\":\"\",\"animation\":\"\",\"visibility\":\"\",\"content\":\"Carta dei Servizi<span class=\\\"uk-text-success\\\">.<\\\/span>\",\"link\":\"wp-content\\\/uploads\\\/CARTA-DEI-SERVIZI-rev-ottobre-2024_-MI_PV-agg-Milano-e-PV.pdf\"}}]},{\"type\":\"column\",\"props\":{\"widths\":[\"\"],\"image_position\":\"center-center\",\"media_overlay_gradient\":\"\",\"vertical_align\":\"middle\",\"style\":\"\",\"text_color\":\"\",\"padding\":\"\"},\"children\":[{\"type\":\"button\",\"props\":{\"gutter\":\"small\",\"margin\":\"default\",\"button_size\":\"large\",\"text_align\":\"\",\"text_align_breakpoint\":\"\",\"text_align_fallback\":\"\",\"maxwidth\":\"\",\"maxwidth_align\":\"\",\"maxwidth_breakpoint\":\"\",\"animation\":\"\",\"visibility\":\"\",\"fullwidth\":true},\"children\":[{\"type\":\"button_item\",\"props\":{\"button_style\":\"danger\",\"icon_align\":\"left\",\"link_target\":\"blank\",\"content\":\"Scarica il pdf\",\"link\":\"wp-content\\\/uploads\\\/CARTA-DEI-SERVIZI-PV-rev-novembre-2025.pdf\",\"icon\":\"cloud-download\"}}]}]}]}]}],\"version\":\"1.19.0\",\"props\":[]} --><\/p>\n","protected":false},"excerpt":{"rendered":"<p>Carta dei Servizi. Scarica il pdf<\/p>\n","protected":false},"author":2,"featured_media":0,"parent":0,"menu_order":0,"comment_status":"closed","ping_status":"closed","template":"","meta":{"spay_email":""},"jetpack-related-posts":[{"id":1555,"url":"https:\/\/dossoverdepavia.it\/?page_id=1555","url_meta":{"origin":573,"position":0},"title":"documenti nascosti","date":"Maggio 6, 2020","format":false,"excerpt":"Note legali e Documenti Organigrammi Generale Nominale Generale Funzionale SMIM Nominale Bilancio CEE 2018 Carta dei Servizi Carta dei servizi Modulo Reclami Cust. Satisfaction Cust. Satisfaction - Prest. Occasionali","rel":"","context":"Articolo simile","img":{"alt_text":"","src":"","width":0,"height":0},"classes":[]},{"id":996,"url":"https:\/\/dossoverdepavia.it\/?page_id=996","url_meta":{"origin":573,"position":1},"title":"Note legali","date":"Ottobre 2, 2019","format":false,"excerpt":"Amministrazione Trasparente Organigrammi Atto di Nomina OIV Generale Funzionale Generale Nominale SMIM Funzionale SMIM Nominale Bilancio Bilancio sezionale di esercizio 2024 Relazione di controllo contabile 2024 Nota integrativa 2024 Bilancio sezionale di esercizio 2023 Relazione di controllo contabile 2023 Nota integrativa 2023 Bilancio sezionale di esercizio 2022 Relazione di controllo\u2026","rel":"","context":"Articolo simile","img":{"alt_text":"","src":"","width":0,"height":0},"classes":[]},{"id":700,"url":"https:\/\/dossoverdepavia.it\/?page_id=700","url_meta":{"origin":573,"position":2},"title":"Accesso al Servizio","date":"Luglio 22, 2019","format":false,"excerpt":"Servizi Accesso al servizio. Per tutti i Servizi del Dosso verde di Pavia, fatta eccezione per il Servizio di Ricovero, l\u2019accesso \u00e8 subordinato all\u2019emissione di impegnativa SSR redatta dal Medico di Medicina Generale o dal Pediatra di Libera Scelta o dal Medico di Struttura Pubblica o di Strutture Private Accreditate\u2026","rel":"","context":"Articolo simile","img":{"alt_text":"","src":"","width":0,"height":0},"classes":[]},{"id":709,"url":"https:\/\/dossoverdepavia.it\/?page_id=709","url_meta":{"origin":573,"position":3},"title":"Servizio Diurno Continuo","date":"Luglio 22, 2019","format":false,"excerpt":"Servizi Servizio di Riabilitazione in Diurno Continuo. L\u2019Unit\u00e0 Operativa \u00e8 predisposta per pazienti di et\u00e0 compresa tra i 6 e i 15 anni e si dedica alla riabilitazione di minori affetti da disturbi del neurosviluppo, in particolare Disturbi dello Spettro Autistico, Disabilit\u00e0 Intellettiva e Disturbi Comportamentali ed Emozionali. La capacit\u00e0\u2026","rel":"","context":"Articolo simile","img":{"alt_text":"","src":"","width":0,"height":0},"classes":[]},{"id":707,"url":"https:\/\/dossoverdepavia.it\/?page_id=707","url_meta":{"origin":573,"position":4},"title":"Day Hospital Specialistico","date":"Luglio 22, 2019","format":false,"excerpt":"Servizi Servizio di Riabilitazione in Day Hospital Specialistico. L\u2019Unit\u00e0 Operativa \u00e8 predisposta per pazienti di et\u00e0 compresa tra i 6 e i 15 anni e si dedica alla riabilitazione di minori affetti da disturbi del neurosviluppo, in particolare Disturbi dello Spettro Autistico, Disabilit\u00e0 Intellettiva e Disturbi Comportamentali ed Emozionali. La\u2026","rel":"","context":"Articolo simile","img":{"alt_text":"","src":"","width":0,"height":0},"classes":[]},{"id":705,"url":"https:\/\/dossoverdepavia.it\/?page_id=705","url_meta":{"origin":573,"position":5},"title":"Servizio residenziale terapeutico-riabilitativo a media intensit\u00e0 per minori","date":"Luglio 22, 2019","format":false,"excerpt":"Servizi Servizio Residenziale Terapeutico \u2013 Riabilitativo a Media Intensit\u00e0 per Minori, cosiddetto SMIM o SRM. La Deliberazione n X\/7768 della Regione Lombardia datata 17\/01\/2018 ha istituito la nuova unit\u00e0 di offerta \u201cServizio Residenziale Terapeutico-Riabilitativo a Media Intensit\u00e0 per Minori\u201d riclassificando la preesistente struttura residenziale di riabilitazione per l\u2019et\u00e0 evolutiva (ex\u2026","rel":"","context":"Articolo simile","img":{"alt_text":"","src":"","width":0,"height":0},"classes":[]}],"jetpack_sharing_enabled":false,"_links":{"self":[{"href":"https:\/\/dossoverdepavia.it\/index.php?rest_route=\/wp\/v2\/pages\/573"}],"collection":[{"href":"https:\/\/dossoverdepavia.it\/index.php?rest_route=\/wp\/v2\/pages"}],"about":[{"href":"https:\/\/dossoverdepavia.it\/index.php?rest_route=\/wp\/v2\/types\/page"}],"author":[{"embeddable":true,"href":"https:\/\/dossoverdepavia.it\/index.php?rest_route=\/wp\/v2\/users\/2"}],"replies":[{"embeddable":true,"href":"https:\/\/dossoverdepavia.it\/index.php?rest_route=%2Fwp%2Fv2%2Fcomments&post=573"}],"version-history":[{"count":32,"href":"https:\/\/dossoverdepavia.it\/index.php?rest_route=\/wp\/v2\/pages\/573\/revisions"}],"predecessor-version":[{"id":3291,"href":"https:\/\/dossoverdepavia.it\/index.php?rest_route=\/wp\/v2\/pages\/573\/revisions\/3291"}],"wp:attachment":[{"href":"https:\/\/dossoverdepavia.it\/index.php?rest_route=%2Fwp%2Fv2%2Fmedia&parent=573"}],"curies":[{"name":"wp","href":"https:\/\/api.w.org\/{rel}","templated":true}]}}